 when 245 is divided by 81?
2
What is the remainder when 160 is divided by 4?
0
Calculate the remainder when 37 is divided by 10.
7
Calculate the remainder when 1517 is divided by 502.
11
What is the remainder when 1959 is divided by 4?
3
What is the remainder when 414 is divided by 143?
128
What is the remainder when 184 is divided by 170?
14
Calculate the remainder when 1792 is divided by 11.
10
Calculate the remainder when 153 is divided by 43.
24
Calculate the remainder when 4064 is divided by 4064.
0
What is the remainder when 83 is divided by 15?
8
What is the remainder when 356 is divided by 54?
32
Calculate the remainder when 11 is divided by 10.
1
What is the remainder when 40 is divided by 9?
4
What is the remainder when 93 is divided by 21?
9
What is the remainder when 101 is divided by 43?
15
What is the remainder when 224 is divided by 73?
5
Calculate the remainder when 834 is divided by 209.
207
Calculate the remainder when 2442 is divided by 31.
24
Calculate the remainder when 1302 is divided by 395.
117
What is the remainder when 466 is divided by 233?
0
Calculate the remainder when 225 is divided by 87.
51
What is the remainder when 4306 is divided by 32?
18
What is the remainder when 7539 is divided by 52?
51
Calculate the remainder when 15566 is divided by 8.
6
Calculate the remainder when 648 is divided by 31.
28
What is the remainder when 373 is divided by 11?
10
What is the remainder when 611 is divided by 15?
11
Calculate the remainder when 564 is divided by 9.
6
What is the remainder when 46 is divided by 12?
10
What is the remainder when 47 is divided by 13?
8
What is the remainder when 425 is divided by 91?
61
Calculate the remainder when 980 is divided by 487.
6
What is the remainder when 175 is divided by 21?
7
What is the remainder when 186 is divided by 45?
6
Calculate the remainder when 109 is divided by 28.
25
What is the remainder when 42 is divided by 16?
10
Calculate the remainder when 8940 is divided by 26.
22
What is the remainder when 131 is divided by 22?
21
Calculate the remainder when 2882 is divided by 93.
92
What is the remainder when 796 is divided by 51?
31
What is the remainder when 1958 is divided by 70?
68
What is the remainder when 2301 is divided by 96?
93
Calculate the remainder when 464 is divided by 215.
34
Calculate the remainder when 777 is divided by 114.
93
What is the remainder when 48 is divided by 7?
6
Calculate the remainder when 973 is divided by 451.
71
Calculate the remainder when 10288 is divided by 98.
96
What is the remainder when 302 is divided by 120?
62
What is the remainder when 1331 is divided by 9?
8
What is the remainder when 156 is divided by 79?
77
Calculate the remainder when 1783 is divided by 85.
83
What is the remainder when 1332 is divided by 343?
303
Calculate the remainder when 415 is divided by 14.
9
What is the remainder when 30631 is divided by 28?
27
What is the remainder when 726 is divided by 26?
24
Calculate the remainder when 236 is divided by 122.
114
Calculate the remainder when 130 is divided by 32.
2
Calculate the remainder when 124 is divided by 2.
0
What is the remainder when 9546 is divided by 1590?
6
What is the remainder when 117 is divided by 3?
0
Calculate the remainder when 59 is divided by 26.
7
What is the remainder when 349 is divided by 32?
29
Calculate the remainder when 2242 is divided by 319.
9
What is the remainder when 36 is divided by 24?
12
Calculate the remainder when 3311 is divided by 34.
13
What is the remainder when 3370 is divided by 97?
72
What is the remainder when 194 is divided by 22?
18
What is the remainder when 660 is divided by 162?
12
What is the remainder when 329 is divided by 111?
107
What is the remainder when 124 is divided by 68?
56
Calculate the remainder when 142 is divided by 43.
13
What is the remainder when 1527 is divided by 26?
19
Calculate the remainder when 258 is divided by 29.
26
Calculate the remainder when 43 is divided by 17.
9
What is the remainder when 419 is divided by 15?
14
Calculate the remainder when 119 is divided by 61.
58
What is the remainder when 1431 is divided by 419?
174
What is the remainder when 397 is divided by 46?
29
Calculate the remainder when 522 is divided by 71.
25
Calculate the remainder when 115 is divided by 62.
53
What is the remainder when 111 is divided by 77?
34
What is the remainder when 242 is divided by 38?
14
What is the remainder when 76 is divided by 20?
16
What is the remainder when 2895 is divided by 21?
18
Calculate the remainder when 191 is divided by 30.
11
What is the remainder when 70 is divided by 6?
4
What is the remainder when 230 is divided by 26?
22
Calculate the remainder when 2251 is divided by 281.
3
Calculate the remainder when 280 is divided by 26.
20
Calculate the remainder when 56 is divided by 47.
9
Calculate the remainder when 923 is divided by 28.
27
Calculate the remainder when 46 is divided by 6.
4
What is the remainder when 5 is divided by 2?
1
What is the remainder when 8919 is divided by 10?
9
Calculate the remainder when 7321 is divided by 74.
69
Calculate the remainder when 1094 is divided by 545.
4
Calculate the remainder when 268 is divided by 31.
20
What is the remainder when 7751 is divided by 11?
7
Calculate the remainder when 813 is divided by 74.
73
What is the remainder when 3017 is divided by 4?
1
What is the remainder when 516 is divided by 486?
30
What is the remainder when 996 is divided by 330?
6
Calculate the remainder when 806 is divided by 7.
1
What is the remainder when 686 is divided by 16?
14
What is the remainder when 216 is divided by 59?
39
Calculate the remainder when 432 is divided by 62.
60
Calculate the remainder when 4894 is divided by 977.
9
Calculate the remainder when 79 is divided by 21.
16
What is the remainder when 85 is divided by 15?
10
What is the remainder when 1486 is divided by 70?
16
What is the remainder when 701 is divided by 19?
17
Calculate the remainder when 1487 is divided by 10.
7
Calculate the remainder when 576 is divided by 121.
92
What is the remainder when 117 is divided by 10?
7
What is the remainder when 827 is divided by 106?
85
Calculate the remainder when 334 is divided by 100.
34
What is the remainder when 770 is divided by 130?
120
Calculate the remainder when 506 is divided by 13.
12
What is the remainder when 315 is divided by 27?
18
Calculate the remainder when 659 is divided by 66.
65
What is the remainder when 248 is divided by 24?
8
What is the remainder when 264 is divided by 149?
115
What is the remainder when 146 is divided by 14?
6
What is the remainder when 988 is divided by 33?
31
Calculate the remainder when 472 is divided by 11.
10
Calculate the remainder when 1052 is divided by 493.
66
What is the remainder when 120 is divided by 27?
12
Calculate the remainder when 3725 is divided by 265.
15
Calculate the remainder when 804 is divided by 62.
60
What is the remainder when 518 is divided by 26?
24
Calculate the remainder when 397 is divided by 80.
77
What is the remainder when 405 is divided by 104?
93
Calculate the remainder when 140 is divided by 47.
46
What is the remainder when 442 is divided by 86?
12
What is the remainder when 97 is divided by 24?
1
Calculate the remainder when 348 is divided by 38.
6
What is the remainder when 577 is divided by 160?
97
What is the remainder when 6823 is divided by 75?
73
Calculate the remainder when 89 is divided by 49.
40
Calculate the remainder when 73 is divided by 9.
1
Calculate the remainder when 143 is divided by 29.
27
What is the remainder when 185 is divided by 40?
25
What is the remainder when 74 is divided by 60?
14
Calculate the remainder when 343 is divided by 335.
8
Calculate the remainder when 643 is divided by 315.
13
What is the remainder when 786 is divided by 156?
6
What is the remainder when 554 is divided by 15?
14
What is the remainder when 1015 is divided by 60?
55
What is the remainder when 599 is divided by 40?
39
Calculate the remainder when 690 is divided by 29.
23
Calculate the remainder when 5179 is divided by 33.
31
Calculate the remainder when 1229 is divided by 405.
14
Calculate the remainder when 899 is divided by 82.
79
What is the remainder when 362 is divided by 241?
121
What is t